4 = -n - 2*c, -c = -2*n + 2*c. Calculate the greatest common factor of 2 and n.
2
Suppose 2*b + 1 = 5. Let y be (-1 + b)*(0 - -5). Suppose -3*m = -v - 70, -2*m - 82 = -y*m - 5*v. What is the greatest common divisor of 3 and m?
3
Let o be (-2)/(4/18) + -2. Let q be 0 - ((-6)/3 + o). What is the greatest common factor of 65 and q?
13
Let h be (21/(-12))/(2 - (-33)/(-16)). What is the greatest common divisor of h and 14?
14
Let l(y) = -2*y**3 - 5*y**2 - 5*y - 4. Let h be l(-4). Let a = -6 + 3. Let d be (-50)/a + 4/(-6). What is the highest common factor of h and d?
16
Let q = 22 - 11. Suppose -118 = -5*y + 102. What is the greatest common factor of q and y?
11
Let t be -2*(1 - 0)*-4. Let h(f) = -f**3 + 9*f**2 - 8*f + 7. Let x be h(t). What is the greatest common divisor of 56 and x?
7
Let o(u) = -3*u - 24. Let r be o(-11). Let c = 146 - 74. Calculate the greatest common divisor of r and c.
9
Let v be (-16)/(-20)*5/2. Suppose 0 = v*l - 0*l - 36. What is the greatest common factor of l and 54?
18
Suppose -3*z + 5*v + 25 = 0, -4*z = -4*v - 22 + 2. Suppose 5*l - l - 20 = z. Suppose -r + 0 = -1. What is the greatest common factor of l and r?
1
Let f(z) = -3*z + 1. Let x be f(2). Let m = x - -5. Suppose 4*y - 36 = 2*u - m*u, 0 = -4*u - 8. Calculate the greatest common divisor of y and 16.
8
Let m be 1/(1/(-1)) + 20. Suppose 3*c - 209 = -s - 2*c, -s + 3*c + 209 = 0. Calculate the highest common factor of m and s.
19
Suppose -2*d = -3*d + 3. Calculate the greatest common factor of 3 and d.
3
Let g(h) = h**3 - h**2 - h + 12. Let b be g(0). Let o be (-438)/(-24) - (-1)/(-4). Calculate the highest common divisor of o and b.
6
Suppose 2*b + 3*b - 4*n = 872, 2*n = -b + 166. What is the greatest common factor of 43 and b?
43
Suppose -2*a + 4*p + 267 = 35, 4*p - 8 = 0. What is the greatest common factor of a and 48?
24
Suppose -3*g = -41 - 85. What is the greatest common factor of g and 14?
14
Let c = 0 + 2. Let v be 4/18 + (-43)/(-9). Suppose -c*o + 7*o - 134 = -t, v*o - 146 = -4*t. Calculate the highest common factor of 39 and o.
13
Let p be ((-2)/(-7))/(((-5)/(-7))/5). Suppose -4*c = 3*j - 8*j + 54, 7 = j + 3*c. Calculate the greatest common factor of p and j.
2
Let m be 0/((-1 - 1) + 3). Suppose 0 = -3*s - m*s + 30. Calculate the greatest common divisor of s and 70.
10
Let i be (-1)/(-2 + 53/27). Let s = -20 + 29. Calculate the greatest common factor of s and i.
9
Suppose 0 = 4*c + 93 - 321. Let y(v) = -v**3 + 16*v**2 - 13*v - 11. Let w be y(15). Calculate the greatest common divisor of c and w.
19
Let q be ((-44)/33)/((-2)/39). What is the highest common factor of q and 13?
13
Let m = 36 - 19. Let i(p) = p**2 + 6*p + 7. Let f be i(8). What is the highest common divisor of f and m?
17
Let w be (-1 + -3)/(3/(-33)). Suppose -5*r + 22 = -2*q, 0 = q + 1. What is the greatest common divisor of w and r?
4
Let b(m) = 0 - 4*m - m**2 + m - 7*m**2 - m**3 + 2. Let s be b(-9). Calculate the greatest common divisor of 44 and s.
22
Suppose 2*t - 105 = -q - 0*q, -q = -4*t + 207. What is the highest common divisor of t and 78?
26
Suppose -4*u = -25 - 71. Suppose 3*p = 6*p - u. Calculate the highest common factor of 4 and p.
4
Let b(o) = -o**3 - 8*o**2 - 8*o + 5. Let p be b(-7). Let d be (5 + 2)*p/7. Suppose n + 0 = d. Calculate the highest common divisor of n and 12.
12
Suppose -r = -3*j - 29, 0 = 5*j - 0*r + r + 59. Let t = j + 19. Let z be (48 - 0)*(-36)/(-24). What is the highest common factor of z and t?
8
Suppose -1 = -0*g - 4*g + 5*d, 5*g - 5*d = 0. Let r be 0/((-4)/(-6)*3). Let b be g/1 + 177 + r. Calculate the greatest common divisor of 16 and b.
16
Let x be 6/4*(3 - 1). Suppose 3*h = -x*q + 94 + 104, -4*q + 268 = 3*h. Calculate the greatest common divisor of q and 14.
14
Suppose f - 5*i = 49, -5*i + 196 = 4*f - 4*i. Let g be (1 - 2)/(-3 - -2). Let r be 1/(g/7*1). What is the greatest common divisor of r and f?
7
Let x(f) = -17*f**2 - f. Let z be x(1). Let c = 1 + -7. Let n = c - z. What is the greatest common factor of 60 and n?
12
Let a be 20083/70 + (-2)/(-20). What is the highest common divisor of 41 and a?
41
Let o(d) = 130*d**3 + 2*d**2 + d - 1. Let b be o(1). What is the greatest common factor of 12 and b?
12
Let q be ((-6)/8)/(8/(-960)). Let x be 0 + -2 - -19*2. Calculate the highest common factor of q and x.
18
Let m(s) = -8*s**3 + s. Let w = 6 - 7. Let j be m(w). What is the greatest common factor of j and 7?
7
Suppose 6*f - 4*f - 32 = 0. Suppose -5*i + 24 = -f. What is the greatest common factor of 24 and i?
8
Let k = 0 + 0. Suppose -3*w + 7 - 4 = k. What is the greatest common factor of 3 and w?
1
Let k(w) = -w**3 - 16*w**2 + 16*w - 6. Let f be k(-17). What is the greatest common divisor of f and 231?
11
Let n = 20 + -13. Let k = 8 - 1. Calculate the greatest common factor of k and n.
7
Suppose x = -2*g + 78 + 32, g + 3*x = 50. Let k = -14 + 21. Calculate the greatest common divisor of g and k.
7
Suppose -5 = -5*n + 15. What is the highest common factor of 4 and n?
4
Let q be (-10)/4*(1 + -3). Suppose -4*z - 3*u = -314, -u = q*z + u - 396. What is the highest common factor of 32 and z?
16
Suppose 2*i - z = 6, 20 = 2*i + 3*i - 5*z. Let a be 115 + ((-6)/i)/1. Calculate the greatest common divisor of 14 and a.
14
Suppose 2*f - 486 = -f. Calculate the highest common divisor of 6 and f.
6
Let w(s) = -4*s + 7. Let u be w(4). Let a(x) = x**2 + 5*x - 11. Let l be a(u). Calculate the highest common factor of l and 5.
5
Let f = 18 - 15. What is the greatest common factor of f and 2?
1
Let b(q) be the second derivative of q**3/6 + q**2/2 + 4*q. Let t be b(3). Calculate the greatest common divisor of t and 20.
4
Suppose -15 = 3*h - 213. What is the highest common factor of 6 and h?
6
Let m(y) = -y**2 - 7*y. Let u be m(-3). Calculate the highest common divisor of 12 and u.
12
Suppose -g + 2*q + 340 = 4*g, -2*q = 2*g - 136. Calculate the highest common divisor of g and 102.
34
Suppose 321 = 3*n + 5*b, 5*n - b - 2*b - 569 = 0. Calculate the highest common divisor of 28 and n.
28
Let p = -7 - -17. What is the highest common factor of 5 and p?
5
Suppose -2*r - 78 = -2*c - 0*r, -r - 175 = -5*c. What is the highest common factor of 2 and c?
2
Suppose 0 = -5*v + 76 + 29. Suppose y + v = r, 0 = -4*r - 3*y - 2*y + 75. Calculate the greatest common divisor of 8 and r.
4
Let n be (-3 + 21/6)*(-12)/(-2). Let c be 6/(-15) + (-17)/(-5). Calculate the greatest common factor of c and n.
3
Let v(y) be the third derivative of -y**4/2 - y**3/6 - y**2. Let n be v(-2). What is the greatest common divisor of n and 184?
23
Let t(d) = 3*d**3 + 2*d**2 - d. Let q be t(1). What is the highest common factor of q and 20?
4
Suppose -5*w - 14 = 3*z, -2*z = -4*w + 4 - 2. Let c be (3/2)/(z/(-140)). Let y be 30/(-8)*104/(-39). What is the highest common factor of y and c?
10
Let b(k) = 46*k**3 + 2*k**2 + 4*k - 6. Let o be b(1). What is the greatest common factor of o and 23?
23
Let d(x) = -x**2 + 7*x - 2. Let l be d(6). Let y(r) = -32*r - 4. Let j be y(-1). What is the greatest common factor of j and l?
4
Let n be 38/3 - (-12)/(-18). Let w = 439 + -267. Suppose r = 5*h - 302, w = 3*h - 2*r + 6*r. Calculate the highest common divisor of n and h.
12
Let s(c) = -c - 5. Let b be s(-23). What is the highest common divisor of 27 and b?
9
Let o = 13 + -3. Suppose 3*c - 3*j + 0 = -3, 5*c + 3*j = 19. Calculate the greatest common divisor of o and c.
2
Let l be (-43 - -1)*36/(-8). Calculate the highest common factor of 21 and l.
21
Let w be (8*14/4)/1. What is the highest common divisor of 14 and w?
14
Let q = -7 - -8. Let z = -33 - -43. Calculate the greatest common divisor of z and q.
1
Let h(k) = 4*k**2 + 9*k - 5. Let p be h(-7). Suppose -4 = w + 5*s, 5*s = -7*w + 2*w + 60. Calculate the highest common divisor of w and p.
16
Suppose -2*i - 11 = -5*q, 3*q + i - 4*i - 3 = 0. Suppose q*l = -2*l + 50. What is the greatest common divisor of l and 25?
5
Suppose -28*p = -29*p + 56. What is the highest common factor of 7 and p?
7
Let l(j) = 6*j**2 - j + 2. Let m be l(-2). Let s = 12 - m. Let u = 4 - s. Calculate the highest common factor of 20 and u.
20
Suppose r - 48 = -3. What is the highest common divisor of r and 15?
15
Let a = -20 - -88. Calculate the highest common factor of a and 17.
17
Let z = 10 + -5